t**3 - 10*t**2 + 11*t + 10. Let l be a(-11). Let n = -9 + l. What is the units digit of n?
1
Suppose -4*r + v = 174, -3*v = v - 8. Let z = -17 - r. What is the units digit of z?
6
What is the units digit of 225/30 + (-2)/(-4)?
8
Let u(w) be the first derivative of 1/4*w**4 - 1 + 0*w**3 + 8*w + 1/2*w**2. What is the units digit of u(0)?
8
What is the units digit of 25636/(104/8) + 1?
3
Suppose 18 = -4*s - 2*c, -s = -4*s - 2*c - 14. What is the tens digit of 172/((-3 + -5)/s) + 2?
8
Let t = -301 - -421. What is the units digit of t?
0
Let k = 870 - -1402. What is the hundreds digit of k?
2
Suppose 5*j + 215 + 197 = -2*b, 3*j + 244 = -2*b. Let t = -5 - j. What is the tens digit of t?
7
Suppose 0 = -3*x - x + 1740. Suppose -x = -11*i + 302. What is the tens digit of i?
6
Let j = 116 + -81. Suppose t = g - j, -t - t - 181 = -5*g. Suppose 0 = -2*x + s + 86, 127 = 2*x + s + g. What is the tens digit of x?
4
Let z = 2283 - 1201. What is the tens digit of z?
8
Let t = 1465 + 1378. What is the tens digit of t?
4
Suppose -5*u = -4*m - 1, -m - 4*u + 2 = -4*m. Let c(w) = -w**3 + 7*w**2 - w + 8. Let z be c(m). Suppose -z = -3*i + 58. What is the units digit of i?
2
Suppose -11346 = -5*f - 21*t + 24*t, -t = 3*f - 6802. What is the thousands digit of f?
2
Suppose 0*u + 2*m + 607 = u, -4*m = 5*u - 3077. What is the units digit of u?
3
Let n = 822 + 40. What is the hundreds digit of n?
8
Let f be (2 - 76)*(-3)/3. Suppose 2*a - 2*x - f = 0, 0 = -2*a - 2*a + 2*x + 148. What is the tens digit of a?
3
Let b = 10 - 3. Suppose 0 = m - b*m + 6. What is the tens digit of 485/15 + m/(-3)?
3
Let u = 11 - 9. Let x = u - 0. Suppose -4*w + 176 = x*r - 3*r, 143 = 3*w + 2*r. What is the tens digit of w?
4
Suppose -7*y - 16 = -3*y. What is the units digit of (34/y)/(3/(-18))?
1
Let g(a) = 65*a**2 + 12*a - 36. What is the tens digit of g(7)?
3
Let t be 48/8 + 1 + -6. Let g(h) = 167*h**2 + 3*h. What is the hundreds digit of g(t)?
1
Suppose 3*l + 4*z = z + 12, -4*z = -8. Suppose 0 = -5*b + l*r + 947, -2*b + 4*b - 5*r - 362 = 0. What is the units digit of b?
1
Suppose 11*o - 65 = 6*o. Let i(z) = z**3 - 12*z**2 - 13*z - 4. Let u be i(o). What is the units digit of (u - -2)/(-11 + 9)?
1
Let z be 1*87 + (-4 - -7). Suppose -a - 2*a + z = 0. What is the tens digit of (a/(-4))/(3/(-8))?
2
Let m = -213 + 379. Let s = 11 - 7. Suppose -4*d = -d - 5*k - 110, -5*d = -s*k - m. What is the tens digit of d?
3
Let r be (-24)/10 + (85/25 - 3). Let m = 184 - r. What is the units digit of m?
6
Suppose -22 = -r + 61. Let w = 120 - r. What is the tens digit of w?
3
Let x(g) be the second derivative of -6*g**2 + 1/6*g**3 - 13/12*g**4 + 0 + 1/20*g**5 + 6*g. What is the units digit of x(13)?
1
Suppose 5*a = -4*u + 1498, 0*a = 2*u - 4*a - 736. What is the hundreds digit of u?
3
Let g = 37 - 16. Let z be 7/g - (-8)/3. Suppose 4*c = 2*c + 2*r, z*c - 25 = -2*r. What is the units digit of c?
5
Suppose -643 + 5043 = 2*f. What is the hundreds digit of f?
2
Suppose -4223 + 16742 = 9*h. What is the hundreds digit of h?
3
Let u = -1102 - -1322. What is the units digit of u?
0
Suppose -21 = 4*o + 11. Let l(h) = h + 33. What is the tens digit of l(o)?
2
Suppose -2*r - n - 67 = 3*r, -4*n = -2*r - 40. Let x = 9 - r. What is the tens digit of x?
2
Let f(y) = 91*y**2 - 1. Let i be f(1). Suppose 4 - i = -l. What is the units digit of l?
6
Let d = 20 - 18. Suppose 0 = -d*h + 4*v + 32, -5*h + h - 3*v + 86 = 0. What is the units digit of h?
0
Suppose 2*t + 866 + 412 = 4*p, p - 327 = -t. What is the tens digit of p?
2
Let f(n) be the first derivative of 17*n**3 + 3*n**2/2 + 3*n + 10. What is the units digit of f(-1)?
1
Let c(q) = 2*q**2 + 3*q - 4. Suppose -h + 4 - 5 = 0, -2*h = 5*u + 17. Let v be c(u). Suppose -6*f + v = -f. What is the units digit of f?
1
Suppose -3*d - 3*d - 30 = 0. Let o be (93/d - -3)*-10. Suppose -o = -7*h - 30. What is the units digit of h?
8
Let j(d) = -177*d - 599. What is the tens digit of j(-15)?
5
Suppose 5*y = y + 1260. Let v be 8/10*y/(-18). Let t = v - -39. What is the tens digit of t?
2
Let y be (4 + 0/(-1))/2. Let a be 52/(1/(3/y)). Suppose 10 - a = -4*h. What is the units digit of h?
7
Let k = -273 - -353. What is the tens digit of k?
8
Suppose 3 = 3*j - 3. Suppose -218 = -j*z + 166. Suppose 3*f - z = 3*p, -f = f + 3*p - 103. What is the tens digit of f?
5
Suppose k + 4*m - 21 = 0, 63 = 5*k + 5*m - 102. Suppose 22 = r - k. What is the units digit of r?
9
Suppose 3*x - 12 = -3, -q + x = -633. Let v = q + -421. What is the hundreds digit of v?
2
Let r(b) = -4 - 2 + 12 + 5*b + 4. Let c be r(-4). Let z = 24 + c. What is the units digit of z?
4
Suppose -3*q + 7*q = 16. Suppose -4*z + 0*d = -4*d - 704, -q*z + d = -710. What is the tens digit of z?
7
Suppose 0*z + 6*z - 30 = 0. Suppose -31 = -4*t + z. What is the units digit of t?
9
Let p = 9 - 43. Let k = p + 60. What is the tens digit of k?
2
Let g = 8 + -12. Let n(l) = 1 + 2*l - 3*l - 4. What is the units digit of n(g)?
1
Let h be 0/(-1*(3 + -2)) + 1364. Suppose h - 374 = 9*q. What is the hundreds digit of q?
1
Let j(k) = -12*k**3 - 31*k**2 - 189*k + 8. What is the units digit of j(-6)?
8
What is the units digit of 92 - -8*(-9)/18?
8
Suppose -720 = -2*m + 3*u, 0 = 9*m - 7*m - 5*u - 720. What is the hundreds digit of m?
3
Let z(r) = -r**3 - 16*r**2 + 121*r - 46. What is the units digit of z(-23)?
4
Let a(n) = 4*n**2 - 21*n - 9. Let w be a(12). What is the tens digit of (w - 1)*(-2)/(-4)?
5
Let g(l) = -l**3 - 3*l**2 - 2*l - 9. Let n = -33 + 48. Suppose 5 = -0*d - d + 4*v, -2*v - n = 3*d. What is the tens digit of g(d)?
5
Let n(m) = m + 8. Let w be n(-6). Let h(r) = 5 - 3 + w*r - r. What is the units digit of h(0)?
2
Suppose 3*p = -0*p - 9. Let m(x) be the third derivative of -x**6/120 + x**5/60 + x**4/6 - x**3/6 + 6*x**2. What is the tens digit of m(p)?
2
Suppose 46*z + 4*i = 43*z + 1247, -i - 1252 = -3*z. What is the units digit of z?
7
What is the tens digit of 56/(-35)*(-5)/4 - -4531?
3
Let r(y) = 58*y - 293. What is the units digit of r(17)?
3
Let c be ((-32)/(-20))/(-4)*-10. Suppose 0 = -c*q + 4. Suppose 4*f - q = 135. What is the tens digit of f?
3
Suppose u = 5*u + 28. Suppose -4 - 12 = -h. Let n = u + h. What is the units digit of n?
9
Let a(v) be the third derivative of 7*v**4/6 - 2*v**3 - 28*v**2. What is the units digit of a(2)?
4
Suppose 4*b - 260 = -6*b. What is the tens digit of b + (5/(15/6) - 6)?
2
Let b(m) = 3*m**3 - 2*m**2 - 6. Let y be b(-3). What is the tens digit of 4 - (2 - y/(-3))?
3
Let i(l) = -4*l - 24. What is the units digit of i(-40)?
6
What is the hundreds digit of (-26388)/(-126) + 6/(-14)?
2
Suppose -14*y = 4*y - 37998. What is the units digit of y?
1
Let s = 21 + -18. Let t be 11 + s*1/(-1). Let c = t - -26. What is the tens digit of c?
3
Suppose 115 + 413 = 22*n. What is the tens digit of n?
2
Let r(a) = -a**3 - 17*a**2 - 17*a + 39. What is the units digit of r(-17)?
8
Suppose 7*r + 69 = 4*r + 2*k, r = 4*k - 13. Let b = r + 49. What is the units digit of b?
4
Suppose 2*z = z + w - 266, -4*z - 3*w = 1029. Let i = -183 - z. What is the tens digit of i?
7
Let c be 5/(-2)*30/(-15). Let u be 31 - ((c - 3) + -1). Let j = u - 24. What is the units digit of j?
6
Let y(r) = -r**3 + 12*r**2 + 11*r + 18. What is the tens digit of y(-7)?
7
Let f(d) = d**2 - 11*d - 3. Let t be f(8). Let x = -15 - t. Suppose -x = -5*y - 2. What is the units digit of y?
2
Suppose -5*m - 2*r - 10 = 0, 0*r - 20 = 5*m + 4*r. Suppose m = -2*u - 2*u + 36. What is the units digit of u?
9
Suppose 0 = m - 1 - 0. Let f be ((-6)/(-3) - 2) + m. Let h = 15 - f. What is the units digit of h?
4
Let m(z) = -z. Let g(r) = -2*r. Let w(t) = 4*g(t) - 5*m(t). Let i be w(-1). Suppose 0 = i*o - 4*d - 77, d = 3*d + 10. What is the tens digit of o?
1
Let s(c) = -22*c + 22*c + 19*c - 24. What is the tens digit of s(4)?
5
Let n(v) = v**2 + v + 2. Let r be n(-2). Let g = -239 + 239. Suppose 5*p + r*w - 120 = g, -p - 50 = -3*p - 2*w. What is the tens digit of p?
2
Let q(f) = 127*f - 2. What is the tens digit of q(3)?
7
Let m be 5/(-5) - (-776 + 1). Suppose 2*v + 4*v - m = 0. What is the hundreds digit of v?
1
Suppose 9*m = 655 + 218. Suppose m = 13*a - 1060. What is the tens digit of a?
8
Suppose -6*x = -f - x - 12, 4*f - 5*x + 3 = 0. Suppose -f*j + 3*w = 2*j - 54, -2